{"id":250,"date":"2019-12-05T13:04:12","date_gmt":"2019-12-05T12:04:12","guid":{"rendered":"http:\/\/www.ff-hohenbrugg.at\/neu\/?page_id=250"},"modified":"2020-03-25T12:47:31","modified_gmt":"2020-03-25T11:47:31","slug":"ueber-uns","status":"publish","type":"page","link":"https:\/\/www.ff-hohenbrugg.at\/?page_id=250","title":{"rendered":"\u00dcber uns"},"content":{"rendered":"\n<p>In dieser Rubrik erfahrt ihr Kontaktinformationen, Informationen von der Gr\u00fcndung bis zum 100 j\u00e4hrigem Jubil\u00e4um (inkl. Festschrift) und auch \u00fcber den Datenschutz. <\/p>\n\n\n\n<ul class=\"wp-block-list\"><li><a href=\"http:\/\/www.ff-hohenbrugg.at\/?page_id=225\">Kontakt<\/a><\/li><li><a href=\"http:\/\/www.ff-hohenbrugg.at\/?page_id=248\">Chronik<\/a><\/li><li><a href=\"http:\/\/www.ff-hohenbrugg.at\/?page_id=3\">Datenschutzerkl\u00e4rung <\/a><\/li><\/ul>\n\n\n\n<figure class=\"wp-block-gallery columns-2 is-cropped wp-block-gallery-1 is-layout-flex wp-block-gallery-is-layout-flex\"><ul class=\"blocks-gallery-grid\"><li class=\"blocks-gallery-item\"><figure><img loading=\"lazy\" decoding=\"async\" width=\"768\" height=\"498\" src=\"http:\/\/www.ff-hohenbrugg.at\/neu\/wp-content\/uploads\/2019\/12\/31.jpg\" alt=\"\" data-id=\"389\" data-full-url=\"http:\/\/www.ff-hohenbrugg.at\/neu\/wp-content\/uploads\/2019\/12\/31.jpg\" data-link=\"http:\/\/www.ff-hohenbrugg.at\/neu\/?attachment_id=389\" class=\"wp-image-389\" srcset=\"https:\/\/www.ff-hohenbrugg.at\/wp-content\/uploads\/2019\/12\/31.jpg 768w, https:\/\/www.ff-hohenbrugg.at\/wp-content\/uploads\/2019\/12\/31-300x195.jpg 300w\" sizes=\"auto, (max-width: 768px) 100vw, 768px\" \/><\/figure><\/li><li class=\"blocks-gallery-item\"><figure><img loading=\"lazy\" decoding=\"async\" width=\"850\" height=\"364\" src=\"http:\/\/www.ff-hohenbrugg.at\/neu\/wp-content\/uploads\/2019\/12\/MIAS_Kontakt_2012.jpg\" alt=\"\" data-id=\"391\" data-full-url=\"http:\/\/www.ff-hohenbrugg.at\/neu\/wp-content\/uploads\/2019\/12\/MIAS_Kontakt_2012.jpg\" data-link=\"http:\/\/www.ff-hohenbrugg.at\/neu\/?attachment_id=391\" class=\"wp-image-391\" srcset=\"https:\/\/www.ff-hohenbrugg.at\/wp-content\/uploads\/2019\/12\/MIAS_Kontakt_2012.jpg 850w, https:\/\/www.ff-hohenbrugg.at\/wp-content\/uploads\/2019\/12\/MIAS_Kontakt_2012-300x128.jpg 300w, https:\/\/www.ff-hohenbrugg.at\/wp-content\/uploads\/2019\/12\/MIAS_Kontakt_2012-768x329.jpg 768w\" sizes=\"auto, (max-width: 850px) 100vw, 850px\" \/><\/figure><\/li><\/ul><\/figure>\n\n\n\n<p><\/p>\n","protected":false},"excerpt":{"rendered":"<p>In dieser Rubrik erfahrt ihr Kontaktinformationen, Informationen von der Gr\u00fcndung bis zum 100 j\u00e4hrigem Jubil\u00e4um (inkl. Festschrift) und auch \u00fcber den Datenschutz. Kontakt Chronik Datenschutzerkl\u00e4rung<\/p>\n","protected":false},"author":1,"featured_media":0,"parent":0,"menu_order":5,"comment_status":"closed","ping_status":"closed","template":"","meta":{"footnotes":""},"class_list":["post-250","page","type-page","status-publish","hentry"],"_links":{"self":[{"href":"https:\/\/www.ff-hohenbrugg.at\/index.php?rest_route=\/wp\/v2\/pages\/250","targetHints":{"allow":["GET"]}}],"collection":[{"href":"https:\/\/www.ff-hohenbrugg.at\/index.php?rest_route=\/wp\/v2\/pages"}],"about":[{"href":"https:\/\/www.ff-hohenbrugg.at\/index.php?rest_route=\/wp\/v2\/types\/page"}],"author":[{"embeddable":true,"href":"https:\/\/www.ff-hohenbrugg.at\/index.php?rest_route=\/wp\/v2\/users\/1"}],"replies":[{"embeddable":true,"href":"https:\/\/www.ff-hohenbrugg.at\/index.php?rest_route=%2Fwp%2Fv2%2Fcomments&post=250"}],"version-history":[{"count":5,"href":"https:\/\/www.ff-hohenbrugg.at\/index.php?rest_route=\/wp\/v2\/pages\/250\/revisions"}],"predecessor-version":[{"id":618,"href":"https:\/\/www.ff-hohenbrugg.at\/index.php?rest_route=\/wp\/v2\/pages\/250\/revisions\/618"}],"wp:attachment":[{"href":"https:\/\/www.ff-hohenbrugg.at\/index.php?rest_route=%2Fwp%2Fv2%2Fmedia&parent=250"}],"curies":[{"name":"wp","href":"https:\/\/api.w.org\/{rel}","templated":true}]}}